at is the tens digit of (v*2882/(-99))/((-2)/21)?
1
Let b = 290 + -288. Suppose 5*v + 42 = -138. What is the units digit of (-1977)/v*2 + b/12?
0
What is the thousands digit of ((-1025134)/(-33))/17*3?
5
Suppose 105*h + 4*n = 110*h - 41285, -2*h = 5*n - 16514. What is the tens digit of h?
5
What is the thousands digit of 2 + (14 + -16 - -5203)?
5
Let p = -1512 - -7943. What is the hundreds digit of p?
4
Let b = -39 + 100. Let a = b - 160. What is the tens digit of 7 - 1 - 3 - a?
0
Suppose -4*l = 30 + 2. What is the hundreds digit of ((-48)/(-10))/((l/530)/(-2))?
6
Let w(d) = -313*d - 259. What is the tens digit of w(-8)?
4
Let x = -88 + 84. Let l(i) = i**2 + 4*i + 8. Let s be l(x). Suppose 0 = -0*p - s*p + 144. What is the tens digit of p?
1
Let f(q) = q**3 + 60*q**2 + 57*q + 260. What is the thousands digit of f(-56)?
9
Let k(d) = -d**3 - 8*d**2 + 11*d + 23. Let f be k(-9). Suppose -f*i + 927 = -863. What is the hundreds digit of i?
3
Let w(u) = 16*u + 130. Let t be w(-8). Suppose 26 = 4*v + 6, t*y + 4*v = 1470. What is the tens digit of y?
2
Let k(q) = -q**3 + 7*q**2 + 7*q + 12. Let n be k(8). Suppose 3*o = -4 - 2, 0 = -z + n*o - 105. Let m = z + 225. What is the tens digit of m?
1
Let c = -1438 + 6134. What is the hundreds digit of c?
6
Suppose -3*l = 8*l - 44. Suppose f + 2*f = -l*d + 787, -606 = -3*d + 3*f. Suppose -146 - d = -5*i. What is the tens digit of i?
6
Let n(l) = l**3 + 2*l**2 - 6*l - 5. Let h be n(5). Suppose 139 = 4*u - 125. Let x = h + u. What is the units digit of x?
6
Let y(f) = 8 + 2*f**2 + 16*f - 23*f - 18*f - 12*f. What is the tens digit of y(-6)?
0
What is the tens digit of (-35)/(-2)*(2 + 456 + 636/530)?
3
Let v(x) = -x**3 - 8*x**2 + 20*x + 14. Let r be v(-9). What is the hundreds digit of (-72063)/r + (-8)/10?
8
Let z(d) = d**2 - 149*d + 341. What is the hundreds digit of z(-64)?
9
Let b = -2440 - -2445. Suppose 5*d + 4*l - 268 = 0, 6*l - 8 = 2*l. Suppose b*n - 197 = v, -n = 3*v + v - d. What is the tens digit of n?
4
Let m = 142834 - 96268. What is the units digit of m?
6
What is the thousands digit of 12533 + (-6 - -3) - (-11)/(77/(-28))?
2
Suppose 0 = -23*b + 2*b + 301935 + 99144. What is the units digit of b?
9
Let q(t) = 124*t**2 + 30*t + 301. What is the tens digit of q(-8)?
9
Suppose 5*t = 5*a - a - 11, 0 = 4*t + a + 13. Let r be 317 - (-2 + 2) - t. Suppose 0 = 4*u + 6*u - r. What is the units digit of u?
2
Let n(v) = -3*v**2 - 18*v - 2. Suppose 0 = 4*w - 62 - 38. Let p = 21 - w. What is the tens digit of n(p)?
2
Let h be 948 - -5 - (0 - 1). Suppose 766 = -5*g + 9*g + 2*d, -d - h = -5*g. Suppose g - 53 = y. What is the hundreds digit of y?
1
Suppose 0 = -o + 4*o - 534. Let h = 277 - o. Let z = h - 8. What is the units digit of z?
1
Suppose 1313 = 27*x - 307. What is the units digit of -724*(-25)/x + (-4)/6?
1
Suppose -3*r = 39*h - 568326, 5*h + 2*r - 14584 = 4*h. What is the tens digit of h?
7
Suppose 133*h - 127*h - 44184 = 0. What is the thousands digit of h?
7
Let x = -18325 + 34216. What is the hundreds digit of x?
8
Let n be (-22)/55 - (-9428)/20. Suppose n = 2*t - 3*i, -10*t + 3*i = -6*t - 951. What is the hundreds digit of t?
2
Let q(i) be the third derivative of i**5/60 + i**4/2 - 25*i**3/6 - 14*i**2. Let n be q(-11). What is the tens digit of -2*((-2)/6 - (-1266)/n)?
7
Let a(l) = 9*l**2 + 10*l + 199. What is the ten thousands digit of a(-35)?
1
Let m(b) = -5*b - 137. Let x be m(-28). Suppose -w = x*v - 395, 0 = 6*w - 9*w + 3*v + 1125. What is the tens digit of w?
8
Suppose 0 = -37*i + 31*i + 966. Suppose 4*o - 99 = i. What is the tens digit of o?
6
Suppose 2*t - 78 = w - 3*t, -2*t = 2*w + 204. Let a = 313 + w. What is the tens digit of a?
1
Suppose 4*p = 3*v + 93 + 7, -3*v - 122 = -5*p. Suppose -2*u + 4*u - p = 0. Suppose u*z = 15*z - 416. What is the hundreds digit of z?
1
Suppose 0*g - 15*t = -2*g + 132863, 4*t = g - 66442. What is the thousands digit of g?
6
Let g(x) = x**3 + 8*x**2 - 11*x - 16. Let v be g(-9). Suppose -u + 8 = u. Suppose 0*i = v*i - 5*r - 256, -r = -u*i + 494. What is the tens digit of i?
2
Let u(z) = -149*z - 1609. What is the thousands digit of u(-30)?
2
Let z(u) = 537*u + 1080. Let m be z(-2). Let g(v) = 5*v**2. Let h be g(1). What is the units digit of m/(h/((-1590)/(-9))) - -3?
5
Let n(a) = -14536*a**3 - a**2 - 19*a - 19. What is the hundreds digit of n(-1)?
5
Suppose 1025*x - 995*x = 570450. What is the hundreds digit of x?
0
Suppose -h + 5*s = 26, 4*s - 27 = 5*h + 19. Let o be 1*(4/12 + 32/h). What is the units digit of -91*3/15*o?
1
Let m(c) = -c**3 - 1. Let k(g) = -251*g**3 + g**2 + 5. Let d(x) = -k(x) - 5*m(x). Let v be d(-1). Let s = -102 - v. What is the tens digit of s?
5
Let k(w) = -131*w - 409. Suppose n + i + 2 = 0, -24*i + 28*i = -2*n + 6. What is the units digit of k(n)?
8
Suppose 5*t - 4 = 4*y, 3*t = 5*y - 2*y. Let j be (-40)/(-5)*(-10)/y. Let m(a) = a**2 + 19*a + 1. What is the units digit of m(j)?
1
Let d be (-8)/(-28) + (-24222)/(-42) - -4. Suppose 1743 = 5*n - 2*n + 5*f, 0 = n + 2*f - d. What is the units digit of n?
1
Let s = 47 - 36. Suppose 0*i - 84 = -i. Suppose -4*m - i = -s*m. What is the units digit of m?
2
Suppose 0 = -0*f - 6*f. Let a(p) = -7*p + 10. What is the tens digit of a(f)?
1
Let r be (0 - 20/(-8))*(-6)/(-5). Suppose -x + 138 = -f, x - r*f = -4*x + 686. Suppose 0*s - 133 = -s - 4*g, -s + x = g. What is the tens digit of s?
3
Let u(o) = 0*o + 13*o + 2 - o**3 - 14*o**2 + 23*o**2. Let l be u(10). Suppose l*w - 35*w = -30. What is the tens digit of w?
1
Let o(v) = -v**3 + 25*v**2 - 34*v + 37. Let k be o(20). Suppose 1933 = 10*a - k. What is the units digit of a?
9
Let d = -2869 + 16683. What is the ten thousands digit of d?
1
Let u(m) = -13*m + 130. Let o be u(10). Suppose o*g - 4*g = 2*l - 686, -3*l = -5*g + 885. What is the tens digit of g?
7
Let p = 4809 + -2143. Let n = p - 1483. What is the hundreds digit of n?
1
Let w = 19953 - 10612. What is the tens digit of w?
4
Let x(t) = -24*t**3 - 9*t**2 - 27*t - 19. What is the hundreds digit of x(-6)?
0
What is the units digit of (-6)/15 + (-69506)/(-115)?
4
Let g(t) = 654*t - 7667. What is the thousands digit of g(19)?
4
Suppose k = -5*f + 74661, -5*k + 7*k = f - 14919. What is the thousands digit of f?
4
What is the hundreds digit of (6 + (-9338)/(-21))/(1/(108/8))?
0
Let j(y) = 4*y**2 - 7*y. Let p be j(15). Let b = -353 + p. What is the tens digit of b?
4
Let i = -136 + 149. Suppose -7*z - 1 = i. What is the units digit of z + (-2524)/(-10) - (-8)/(-20)?
0
Let p = 393 + -202. Let i = p + -1. Suppose l - 44 = -4*s + 9, -5*s = 5*l - i. What is the units digit of l?
3
Suppose -u - 3*r - 10 = 0, -4*u + 0*r - 91 = -5*r. Let x(z) = 7*z + 34. Let m be x(u). Let b = -64 - m. What is the units digit of b?
5
Suppose 3*z = 5*w - 48727, 2*w + 3*z - 21040 + 1524 = 0. What is the units digit of w?
9
Suppose -14*o + 6*o = -2520. Let x = -16 - -22. Suppose -m = x*m - o. What is the units digit of m?
5
Let h(n) = 45*n**2 - 23*n + 8. What is the hundreds digit of h(-8)?
0
Let h = 1013 - -6525. What is the tens digit of h?
3
Suppose -3*l = -s + 7592, 1359 - 6439 = 2*l + 4*s. What is the hundreds digit of (l/36)/((-4)/24)?
4
Let l(o) = 52*o**2 + 13*o + 18. Let b be 4*1 - 25/(-25). What is the tens digit of l(b)?
8
Suppose 11*k - 4157 = -18468. Let b = -855 - k. What is the units digit of b?
6
Suppose -4*x + 0*x + 5*c + 6 = 0, -4*c = 8. Let z be x/6 - ((-435)/18 + 4). Suppose 0 = -19*w + z*w - 168. What is the tens digit of w?
6
Suppose -12627 = -3*f - 4*c, -24*f + 20*f + 16817 = -c. What is the tens digit of f?
0
Let m = -2083 + 5287. What is the thousands digit of m?
3
Let l(p) be the second derivative of -7*p**3/6 - 18*p**2 - 92*p. Let b be (-17*1*-1)/(-1). What is the units digit of l(b)?
3
Let r(s) = -8*s**3 + 4*s**2 - 4*s - 68. Let u(o) = 23*o**3 - 13*o**2 + 10*o + 204. Let q(x) = 8*r(x) + 3*u(x). What is the thousands digit of q(7)?
1
Let l(q) = 3946*q - 4582. What is the tens digit of l(8)?
8
Suppose 13 = 3*f + 7. Suppose b + 3*c = 388, 687 = f*b - c - 96. What is the units digit of b?
1
What is the hundreds digit of (1 - 14868/8)*(9 - 1)/(-4)?
7
Let r(d) = 2*d**3 - 13*d**2 + 4*d + 5. Let f = 10 + -4. Let v be r(f). What is the tens digit of ((-16)/(-10))/(v/(-315))?
7
Suppose z + 2*p + 13 = 20, -24 = -4